[INFO] fetching crate suricata-ipc 0.9.2...
[INFO] checking suricata-ipc-0.9.2 against try#72f88fc4e9458f89516a0b8b0868f3718aec5b47 for pr-74989
[INFO] extracting crate suricata-ipc 0.9.2 into /workspace/builds/worker-2/source
[INFO] validating manifest of crates.io crate suricata-ipc 0.9.2 on toolchain 72f88fc4e9458f89516a0b8b0868f3718aec5b47
[INFO] running `Command { std: "/workspace/cargo-home/bin/cargo" "+72f88fc4e9458f89516a0b8b0868f3718aec5b47" "read-manifest" "--manifest-path" "Cargo.toml", kill_on_drop: false }`
[INFO] started tweaking crates.io crate suricata-ipc 0.9.2
[INFO] finished tweaking crates.io crate suricata-ipc 0.9.2
[INFO] tweaked toml for crates.io crate suricata-ipc 0.9.2 written to /workspace/builds/worker-2/source/Cargo.toml
[INFO] running `Command { std: "/workspace/cargo-home/bin/cargo" "+72f88fc4e9458f89516a0b8b0868f3718aec5b47" "generate-lockfile" "--manifest-path" "Cargo.toml" "-Zno-index-update", kill_on_drop: false }`
[INFO] running `Command { std: "/workspace/cargo-home/bin/cargo" "+72f88fc4e9458f89516a0b8b0868f3718aec5b47" "fetch" "--locked" "--manifest-path" "Cargo.toml", kill_on_drop: false }`
[INFO] [stderr]  Downloading crates ...
[INFO] [stderr]   Downloaded packet-ipc v0.13.0
[INFO] [stderr]   Downloaded net-parser-rs v0.2.0
[INFO] running `Command { std: "docker" "create" "-v" "/var/lib/crater-agent-workspace/builds/worker-2/target:/opt/rustwide/target:rw,Z" "-v" "/var/lib/crater-agent-workspace/builds/worker-2/source:/opt/rustwide/workdir:ro,Z" "-v" "/var/lib/crater-agent-workspace/cargo-home:/opt/rustwide/cargo-home:ro,Z" "-v" "/var/lib/crater-agent-workspace/rustup-home:/opt/rustwide/rustup-home:ro,Z" "-e" "SOURCE_DIR=/opt/rustwide/workdir" "-e" "CARGO_TARGET_DIR=/opt/rustwide/target" "-e" "CARGO_HOME=/opt/rustwide/cargo-home" "-e" "RUSTUP_HOME=/opt/rustwide/rustup-home" "-w" "/opt/rustwide/workdir" "-m" "1610612736" "--user" "0:0" "--network" "none" "rustops/crates-build-env@sha256:d92eaeed33fa75130ca1ee6c8a01d1ffb62bac859dfdfb3450e3e5d1c0146529" "/opt/rustwide/cargo-home/bin/cargo" "+72f88fc4e9458f89516a0b8b0868f3718aec5b47" "metadata" "--no-deps" "--format-version=1", kill_on_drop: false }`
[INFO] [stdout] cc04b5831013c80bcc4651a5797dc6043b41eae29abc5c1163b0330648e8e159
[INFO] [stderr] WARNING: Your kernel does not support swap limit capabilities or the cgroup is not mounted. Memory limited without swap.
[INFO] running `Command { std: "docker" "start" "-a" "cc04b5831013c80bcc4651a5797dc6043b41eae29abc5c1163b0330648e8e159", kill_on_drop: false }`
[INFO] running `Command { std: "docker" "inspect" "cc04b5831013c80bcc4651a5797dc6043b41eae29abc5c1163b0330648e8e159", kill_on_drop: false }`
[INFO] running `Command { std: "docker" "rm" "-f" "cc04b5831013c80bcc4651a5797dc6043b41eae29abc5c1163b0330648e8e159", kill_on_drop: false }`
[INFO] [stdout] cc04b5831013c80bcc4651a5797dc6043b41eae29abc5c1163b0330648e8e159
[INFO] running `Command { std: "docker" "create" "-v" "/var/lib/crater-agent-workspace/builds/worker-2/target:/opt/rustwide/target:rw,Z" "-v" "/var/lib/crater-agent-workspace/builds/worker-2/source:/opt/rustwide/workdir:ro,Z" "-v" "/var/lib/crater-agent-workspace/cargo-home:/opt/rustwide/cargo-home:ro,Z" "-v" "/var/lib/crater-agent-workspace/rustup-home:/opt/rustwide/rustup-home:ro,Z" "-e" "SOURCE_DIR=/opt/rustwide/workdir" "-e" "CARGO_TARGET_DIR=/opt/rustwide/target" "-e" "CARGO_INCREMENTAL=0" "-e" "RUST_BACKTRACE=full" "-e" "RUSTFLAGS=--cap-lints=forbid" "-e" "CARGO_HOME=/opt/rustwide/cargo-home" "-e" "RUSTUP_HOME=/opt/rustwide/rustup-home" "-w" "/opt/rustwide/workdir" "-m" "1610612736" "--user" "0:0" "--network" "none" "rustops/crates-build-env@sha256:d92eaeed33fa75130ca1ee6c8a01d1ffb62bac859dfdfb3450e3e5d1c0146529" "/opt/rustwide/cargo-home/bin/cargo" "+72f88fc4e9458f89516a0b8b0868f3718aec5b47" "check" "--frozen" "--all" "--all-targets" "--message-format=json", kill_on_drop: false }`
[INFO] [stdout] 304ca2072d178a5895298a445ea95025b7661f808827eaf60f3b026f28106143
[INFO] [stderr] WARNING: Your kernel does not support swap limit capabilities or the cgroup is not mounted. Memory limited without swap.
[INFO] running `Command { std: "docker" "start" "-a" "304ca2072d178a5895298a445ea95025b7661f808827eaf60f3b026f28106143", kill_on_drop: false }`
[INFO] [stderr]    Compiling autocfg v1.0.1
[INFO] [stderr]    Compiling memchr v2.3.3
[INFO] [stderr]     Checking lazy_static v1.4.0
[INFO] [stderr]    Compiling byteorder v1.3.4
[INFO] [stderr]    Compiling maybe-uninit v2.0.0
[INFO] [stderr]    Compiling getrandom v0.1.15
[INFO] [stderr]     Checking slab v0.4.2
[INFO] [stderr]     Checking ppv-lite86 v0.2.9
[INFO] [stderr]     Checking once_cell v1.4.1
[INFO] [stderr]    Compiling semver-parser v0.7.0
[INFO] [stderr]     Checking futures-io v0.3.5
[INFO] [stderr]     Checking cache-padded v1.1.1
[INFO] [stderr]    Compiling rayon-core v1.8.0
[INFO] [stderr]     Checking scopeguard v1.1.0
[INFO] [stderr]     Checking waker-fn v1.1.0
[INFO] [stderr]     Checking rand_core v0.4.2
[INFO] [stderr]     Checking parking v2.0.0
[INFO] [stderr]    Compiling failure_derive v0.1.8
[INFO] [stderr]    Compiling humansize v1.1.0
[INFO] [stderr]    Compiling askama_escape v0.2.0
[INFO] [stderr]     Checking adler v0.2.3
[INFO] [stderr]     Checking event-listener v2.4.0
[INFO] [stderr]    Compiling bitflags v1.2.1
[INFO] [stderr]     Checking gimli v0.22.0
[INFO] [stderr]     Checking fastrand v1.3.5
[INFO] [stderr]     Checking either v1.6.0
[INFO] [stderr]     Checking object v0.20.0
[INFO] [stderr]     Checking fnv v1.0.7
[INFO] [stderr]     Checking regex-syntax v0.6.18
[INFO] [stderr]     Checking parking v1.0.6
[INFO] [stderr]     Checking atomic-waker v1.0.0
[INFO] [stderr]     Checking rustc-demangle v0.1.16
[INFO] [stderr]     Checking same-file v1.0.6
[INFO] [stderr]     Checking scoped-tls v1.0.0
[INFO] [stderr]     Checking async-task v3.0.0
[INFO] [stderr]    Compiling suricata-ipc v0.9.2 (/opt/rustwide/workdir)
[INFO] [stderr]     Checking quick-error v1.2.3
[INFO] [stderr]     Checking arrayref v0.3.6
[INFO] [stderr]     Checking termcolor v1.1.0
[INFO] [stderr]    Compiling nom v4.2.3
[INFO] [stderr]     Checking futures-channel v0.3.5
[INFO] [stderr]     Checking concurrent-queue v1.2.2
[INFO] [stderr]     Checking crossbeam-utils v0.6.6
[INFO] [stderr]     Checking thread_local v1.0.1
[INFO] [stderr]     Checking futures-task v0.3.5
[INFO] [stderr]     Checking rand_core v0.3.1
[INFO] [stderr]     Checking miniz_oxide v0.4.1
[INFO] [stderr]    Compiling semver v0.9.0
[INFO] [stderr]     Checking itertools v0.8.2
[INFO] [stderr]     Checking walkdir v2.3.1
[INFO] [stderr]     Checking humantime v1.3.0
[INFO] [stderr]    Compiling num-traits v0.2.12
[INFO] [stderr]    Compiling crossbeam-utils v0.7.2
[INFO] [stderr]    Compiling memoffset v0.5.5
[INFO] [stderr]    Compiling crossbeam-epoch v0.8.2
[INFO] [stderr]    Compiling num-integer v0.1.43
[INFO] [stderr]    Compiling rayon v1.4.0
[INFO] [stderr]     Checking net2 v0.2.35
[INFO] [stderr]     Checking iovec v0.1.4
[INFO] [stderr]     Checking num_cpus v1.13.0
[INFO] [stderr]     Checking time v0.1.44
[INFO] [stderr]     Checking socket2 v0.3.15
[INFO] [stderr]     Checking atty v0.2.14
[INFO] [stderr]     Checking rand_os v0.1.3
[INFO] [stderr]     Checking async-channel v1.4.2
[INFO] [stderr]     Checking crossbeam-channel v0.3.9
[INFO] [stderr]    Compiling syn v1.0.40
[INFO] [stderr]    Compiling rustc_version v0.2.3
[INFO] [stderr]     Checking futures-lite v0.1.11
[INFO] [stderr]     Checking aho-corasick v0.7.13
[INFO] [stderr]     Checking csv-core v0.1.10
[INFO] [stderr]     Checking rand_core v0.5.1
[INFO] [stderr]     Checking mio v0.6.22
[INFO] [stderr]     Checking clap v2.33.3
[INFO] [stderr]     Checking regex-automata v0.1.9
[INFO] [stderr]     Checking rand_xoshiro v0.1.0
[INFO] [stderr]     Checking rand_chacha v0.2.2
[INFO] [stderr]    Compiling cast v0.2.3
[INFO] [stderr]     Checking blocking v0.4.7
[INFO] [stderr]     Checking crossbeam-channel v0.4.4
[INFO] [stderr]     Checking rand v0.7.3
[INFO] [stderr]     Checking crossbeam-deque v0.7.3
[INFO] [stderr]     Checking criterion-plot v0.3.1
[INFO] [stderr]     Checking regex v1.3.9
[INFO] [stderr]     Checking chrono v0.4.15
[INFO] [stderr]     Checking addr2line v0.13.0
[INFO] [stderr]     Checking tempfile v3.1.0
[INFO] [stderr]     Checking uuid v0.8.1
[INFO] [stderr]     Checking backtrace v0.3.50
[INFO] [stderr]     Checking env_logger v0.7.1
[INFO] [stderr]    Compiling synstructure v0.12.4
[INFO] [stderr]    Compiling serde_derive v1.0.116
[INFO] [stderr]    Compiling pin-project-internal v0.4.23
[INFO] [stderr]    Compiling futures-macro v0.3.5
[INFO] [stderr]    Compiling thiserror-impl v1.0.20
[INFO] [stderr]    Compiling async-trait v0.1.40
[INFO] [stderr]     Checking failure v0.1.8
[INFO] [stderr]     Checking thiserror v1.0.20
[INFO] [stderr]     Checking net-parser-rs v0.2.0
[INFO] [stderr]     Checking pin-project v0.4.23
[INFO] [stderr]     Checking futures-util v0.3.5
[INFO] [stderr]     Checking serde v1.0.116
[INFO] [stderr]     Checking futures-executor v0.3.5
[INFO] [stderr]     Checking smol v0.1.18
[INFO] [stderr]     Checking futures v0.3.5
[INFO] [stderr]     Checking bincode v1.3.1
[INFO] [stderr]     Checking toml v0.4.10
[INFO] [stderr]     Checking serde_json v1.0.57
[INFO] [stderr]     Checking serde_bytes v0.11.5
[INFO] [stderr]     Checking bstr v0.2.13
[INFO] [stderr]     Checking ipc-channel v0.14.1
[INFO] [stderr]     Checking askama_shared v0.8.0
[INFO] [stderr]     Checking packet-ipc v0.13.0
[INFO] [stderr]     Checking csv v1.1.3
[INFO] [stderr]     Checking tinytemplate v1.1.0
[INFO] [stderr]     Checking criterion v0.2.11
[INFO] [stderr]    Compiling askama_derive v0.8.0
[INFO] [stderr]     Checking askama v0.8.0
[INFO] [stdout] error[E0433]: failed to resolve: use of undeclared type or module `AlertConfiguration`
[INFO] [stdout]   --> benches/bench.rs:55:23
[INFO] [stdout]    |
[INFO] [stdout] 55 |     ids_args.alerts = AlertConfiguration::uds(alert_path);
[INFO] [stdout]    |                       ^^^^^^^^^^^^^^^^^^ use of undeclared type or module `AlertConfiguration`
[INFO] [stdout] 
[INFO] [stdout] 
[INFO] [stdout] error[E0433]: failed to resolve: use of undeclared type or module `AlertConfiguration`
[INFO] [stdout]    --> tests/integration_tests.rs:191:23
[INFO] [stdout]     |
[INFO] [stdout] 191 |     ids_args.alerts = AlertConfiguration::uds(alert_path);
[INFO] [stdout]     |                       ^^^^^^^^^^^^^^^^^^ use of undeclared type or module `AlertConfiguration`
[INFO] [stdout] 
[INFO] [stdout] 
[INFO] [stdout] error[E0609]: no field `alerts` on type `suricata_ipc::prelude::Config`
[INFO] [stdout]   --> benches/bench.rs:55:14
[INFO] [stdout]    |
[INFO] [stdout] 55 |     ids_args.alerts = AlertConfiguration::uds(alert_path);
[INFO] [stdout]    |              ^^^^^^ unknown field
[INFO] [stdout]    |
[INFO] [stdout]    = note: available fields are: `enable_stats`, `enable_flows`, `enable_http`, `enable_dns`, `enable_smtp` ... and 9 others
[INFO] [stdout] 
[INFO] [stdout] 
[INFO] [stdout] error[E0599]: no method named `take_output` found for struct `suricata_ipc::Ids<'_, _>` in the current scope
[INFO] [stdout]   --> benches/bench.rs:59:26
[INFO] [stdout]    |
[INFO] [stdout] 59 |     let ids_output = ids.take_output().expect("No output");
[INFO] [stdout]    |                          ^^^^^^^^^^^ method not found in `suricata_ipc::Ids<'_, _>`
[INFO] [stdout] 
[INFO] [stdout] 
[INFO] [stdout] error: aborting due to 3 previous errors
[INFO] [stdout] 
[INFO] [stdout] 
[INFO] [stdout] Some errors have detailed explanations: E0433, E0599, E0609.
[INFO] [stdout] 
[INFO] [stdout] For more information about an error, try `rustc --explain E0433`.
[INFO] [stdout] 
[INFO] [stderr] error: could not compile `suricata-ipc`.
[INFO] [stderr] 
[INFO] [stderr] To learn more, run the command again with --verbose.
[INFO] [stderr] warning: build failed, waiting for other jobs to finish...
[INFO] [stdout] error[E0609]: no field `alerts` on type `suricata_ipc::prelude::Config`
[INFO] [stdout]    --> tests/integration_tests.rs:191:14
[INFO] [stdout]     |
[INFO] [stdout] 191 |     ids_args.alerts = AlertConfiguration::uds(alert_path);
[INFO] [stdout]     |              ^^^^^^ unknown field
[INFO] [stdout]     |
[INFO] [stdout]     = note: available fields are: `enable_stats`, `enable_flows`, `enable_http`, `enable_dns`, `enable_smtp` ... and 9 others
[INFO] [stdout] 
[INFO] [stdout] 
[INFO] [stdout] error: aborting due to 2 previous errors
[INFO] [stdout] 
[INFO] [stdout] 
[INFO] [stdout] Some errors have detailed explanations: E0433, E0609.
[INFO] [stdout] 
[INFO] [stdout] For more information about an error, try `rustc --explain E0433`.
[INFO] [stdout] 
[INFO] [stderr] error: build failed
[INFO] running `Command { std: "docker" "inspect" "304ca2072d178a5895298a445ea95025b7661f808827eaf60f3b026f28106143", kill_on_drop: false }`
[INFO] running `Command { std: "docker" "rm" "-f" "304ca2072d178a5895298a445ea95025b7661f808827eaf60f3b026f28106143", kill_on_drop: false }`
[INFO] [stdout] 304ca2072d178a5895298a445ea95025b7661f808827eaf60f3b026f28106143
